[INFO] fetching crate unrar-async 0.1.13...
[INFO] checking unrar-async-0.1.13 against master#9610dfe5a9a731ced1ea4923ecbd0c57fe367898 for beta-170-4
[INFO] extracting crate unrar-async 0.1.13 into /workspace/builds/worker-7-tc1/source
[INFO] validating manifest of crates.io crate unrar-async 0.1.13 on toolchain 9610dfe5a9a731ced1ea4923ecbd0c57fe367898
[INFO] running `Command { std: CARGO_HOME="/workspace/cargo-home" RUSTUP_HOME="/workspace/rustup-home" "/workspace/cargo-home/bin/cargo" "+9610dfe5a9a731ced1ea4923ecbd0c57fe367898" "metadata" "--manifest-path" "Cargo.toml" "--no-deps", kill_on_drop: false }`
[INFO] started tweaking crates.io crate unrar-async 0.1.13
[INFO] finished tweaking crates.io crate unrar-async 0.1.13
[INFO] tweaked toml for crates.io crate unrar-async 0.1.13 written to /workspace/builds/worker-7-tc1/source/Cargo.toml
[INFO] crate crates.io crate unrar-async 0.1.13 already has a lockfile, it will not be regenerated
[INFO] running `Command { std: CARGO_HOME="/workspace/cargo-home" RUSTUP_HOME="/workspace/rustup-home" "/workspace/cargo-home/bin/cargo" "+9610dfe5a9a731ced1ea4923ecbd0c57fe367898" "fetch" "--manifest-path" "Cargo.toml", kill_on_drop: false }`
[INFO] [stderr]     Updating crates.io index
[INFO] [stderr]  Downloading crates ...
[INFO] [stderr]   Downloaded unrar_sys v0.2.1
[INFO] [stderr]   Downloaded syn v1.0.108
[INFO] running `Command { std: "docker" "create" "-v" "/var/lib/crater-agent-workspace/builds/worker-7-tc1/target:/opt/rustwide/target:rw,Z" "-v" "/var/lib/crater-agent-workspace/builds/worker-7-tc1/source:/opt/rustwide/workdir:ro,Z" "-v" "/var/lib/crater-agent-workspace/cargo-home:/opt/rustwide/cargo-home:ro,Z" "-v" "/var/lib/crater-agent-workspace/rustup-home:/opt/rustwide/rustup-home:ro,Z" "-e" "SOURCE_DIR=/opt/rustwide/workdir" "-e" "CARGO_TARGET_DIR=/opt/rustwide/target" "-e" "CARGO_HOME=/opt/rustwide/cargo-home" "-e" "RUSTUP_HOME=/opt/rustwide/rustup-home" "-w" "/opt/rustwide/workdir" "-m" "1610612736" "--user" "0:0" "--network" "none" "ghcr.io/rust-lang/crates-build-env/linux@sha256:19e73879b68f455e41552ea35293514db52ea292d993f571636dbffedb77a1ee" "/opt/rustwide/cargo-home/bin/cargo" "+9610dfe5a9a731ced1ea4923ecbd0c57fe367898" "metadata" "--no-deps" "--format-version=1", kill_on_drop: false }`
[INFO] [stdout] 06d524d8830501c1e3346c6ec06a77d042cc52381c51f96ffa32df29b5e6c911
[INFO] running `Command { std: "docker" "start" "-a" "06d524d8830501c1e3346c6ec06a77d042cc52381c51f96ffa32df29b5e6c911", kill_on_drop: false }`
[INFO] running `Command { std: "docker" "inspect" "06d524d8830501c1e3346c6ec06a77d042cc52381c51f96ffa32df29b5e6c911", kill_on_drop: false }`
[INFO] running `Command { std: "docker" "rm" "-f" "06d524d8830501c1e3346c6ec06a77d042cc52381c51f96ffa32df29b5e6c911", kill_on_drop: false }`
[INFO] [stdout] 06d524d8830501c1e3346c6ec06a77d042cc52381c51f96ffa32df29b5e6c911
[INFO] running `Command { std: "docker" "create" "-v" "/var/lib/crater-agent-workspace/builds/worker-7-tc1/target:/opt/rustwide/target:rw,Z" "-v" "/var/lib/crater-agent-workspace/builds/worker-7-tc1/source:/opt/rustwide/workdir:ro,Z" "-v" "/var/lib/crater-agent-workspace/cargo-home:/opt/rustwide/cargo-home:ro,Z" "-v" "/var/lib/crater-agent-workspace/rustup-home:/opt/rustwide/rustup-home:ro,Z" "-e" "SOURCE_DIR=/opt/rustwide/workdir" "-e" "CARGO_TARGET_DIR=/opt/rustwide/target" "-e" "CARGO_INCREMENTAL=0" "-e" "RUST_BACKTRACE=full" "-e" "RUSTFLAGS=--cap-lints=forbid" "-e" "RUSTDOCFLAGS=--cap-lints=forbid" "-e" "CARGO_HOME=/opt/rustwide/cargo-home" "-e" "RUSTUP_HOME=/opt/rustwide/rustup-home" "-w" "/opt/rustwide/workdir" "-m" "1610612736" "--user" "0:0" "--network" "none" "ghcr.io/rust-lang/crates-build-env/linux@sha256:19e73879b68f455e41552ea35293514db52ea292d993f571636dbffedb77a1ee" "/opt/rustwide/cargo-home/bin/cargo" "+9610dfe5a9a731ced1ea4923ecbd0c57fe367898" "check" "--frozen" "--all" "--all-targets" "--message-format=json", kill_on_drop: false }`
[INFO] [stdout] b86560a9d91a4dddce55270d84c3e4c249efda8109a63ffd956675777cc64ead
[INFO] running `Command { std: "docker" "start" "-a" "b86560a9d91a4dddce55270d84c3e4c249efda8109a63ffd956675777cc64ead", kill_on_drop: false }`
[INFO] [stderr]    Compiling syn v1.0.108
[INFO] [stderr]    Compiling proc-macro2 v1.0.51
[INFO] [stderr]    Compiling futures-core v0.3.26
[INFO] [stderr]    Compiling futures-channel v0.3.26
[INFO] [stderr]    Compiling futures-task v0.3.26
[INFO] [stderr]    Compiling memchr v2.5.0
[INFO] [stderr]    Compiling rustversion v1.0.11
[INFO] [stderr]    Compiling futures-util v0.3.26
[INFO] [stderr]    Compiling io-lifetimes v1.0.5
[INFO] [stderr]     Checking futures-sink v0.3.26
[INFO] [stderr]    Compiling rustix v0.36.8
[INFO] [stderr]    Compiling regex-syntax v0.6.28
[INFO] [stderr]     Checking futures-io v0.3.26
[INFO] [stderr]    Compiling unrar_sys v0.2.1
[INFO] [stderr]    Compiling quote v1.0.23
[INFO] [stderr]    Compiling aho-corasick v0.7.20
[INFO] [stderr]    Compiling num-traits v0.2.15
[INFO] [stderr]    Compiling tokio v1.25.0
[INFO] [stderr]    Compiling proc-macro-error-attr v1.0.4
[INFO] [stderr]     Checking castaway v0.2.2
[INFO] [stderr]     Checking tracing-core v0.1.30
[INFO] [stderr]     Checking os_str_bytes v6.4.1
[INFO] [stderr]     Checking clap_lex v0.3.1
[INFO] [stderr]     Checking compact_str v0.7.0
[INFO] [stderr]     Checking is-terminal v0.4.3
[INFO] [stderr]     Checking rand v0.4.6
[INFO] [stderr]     Checking remove_dir_all v0.5.3
[INFO] [stderr]     Checking widestring v1.0.2
[INFO] [stderr]    Compiling regex v1.7.1
[INFO] [stderr]     Checking tempdir v0.3.7
[INFO] [stderr]    Compiling proc-macro-error v1.0.4
[INFO] [stderr]    Compiling futures-macro v0.3.26
[INFO] [stderr]    Compiling thiserror-impl v1.0.38
[INFO] [stderr]    Compiling tracing-attributes v0.1.23
[INFO] [stderr]    Compiling lazy-regex-proc_macros v2.4.1
[INFO] [stderr]    Compiling enum-primitive-derive v0.2.2
[INFO] [stderr]    Compiling clap_derive v4.1.0
[INFO] [stderr]     Checking lazy-regex v2.4.1
[INFO] [stderr]     Checking thiserror v1.0.38
[INFO] [stderr]     Checking tracing v0.1.37
[INFO] [stderr]     Checking clap v4.1.6
[INFO] [stderr]     Checking futures-executor v0.3.26
[INFO] [stderr]     Checking futures v0.3.26
[INFO] [stderr]     Checking unrar-async v0.1.13 (/opt/rustwide/workdir)
[INFO] [stdout] error[E0433]: failed to resolve: could not find `main` in `tokio`
[INFO] [stdout]   --> examples/basic_list.rs:11:10
[INFO] [stdout]    |
[INFO] [stdout] 11 | #[tokio::main]
[INFO] [stdout]    |          ^^^^ could not find `main` in `tokio`
[INFO] [stdout] 
[INFO] [stdout] 
[INFO] [stdout] error[E0752]: `main` function is not allowed to be `async`
[INFO] [stdout]   --> examples/basic_list.rs:12:1
[INFO] [stdout]    |
[INFO] [stdout] 12 | async fn main() {
[INFO] [stdout]    | ^^^^^^^^^^^^^^^ `main` function is not allowed to be `async`
[INFO] [stdout] 
[INFO] [stdout] 
[INFO] [stdout] error: aborting due to 2 previous errors
[INFO] [stdout] 
[INFO] [stdout] 
[INFO] [stdout] Some errors have detailed explanations: E0433, E0752.
[INFO] [stdout] 
[INFO] [stdout] For more information about an error, try `rustc --explain E0433`.
[INFO] [stdout] 
[INFO] [stderr] error: could not compile `unrar-async` (example "basic_list") due to 3 previous errors
[INFO] [stderr] warning: build failed, waiting for other jobs to finish...
[INFO] [stdout] error[E0433]: failed to resolve: could not find `main` in `tokio`
[INFO] [stdout]   --> examples/basic_extract.rs:11:10
[INFO] [stdout]    |
[INFO] [stdout] 11 | #[tokio::main]
[INFO] [stdout]    |          ^^^^ could not find `main` in `tokio`
[INFO] [stdout] 
[INFO] [stdout] 
[INFO] [stdout] error[E0433]: failed to resolve: could not find `test` in `tokio`
[INFO] [stdout]   --> tests/simple.rs:14:10
[INFO] [stdout]    |
[INFO] [stdout] 14 | #[tokio::test]
[INFO] [stdout]    |          ^^^^ could not find `test` in `tokio`
[INFO] [stdout] 
[INFO] [stdout] 
[INFO] [stdout] error[E0433]: failed to resolve: could not find `test` in `tokio`
[INFO] [stdout]   --> tests/simple.rs:32:10
[INFO] [stdout]    |
[INFO] [stdout] 32 | #[tokio::test]
[INFO] [stdout]    |          ^^^^ could not find `test` in `tokio`
[INFO] [stdout] 
[INFO] [stdout] 
[INFO] [stdout] error[E0433]: failed to resolve: could not find `test` in `tokio`
[INFO] [stdout]   --> tests/multipart.rs:13:10
[INFO] [stdout]    |
[INFO] [stdout] 13 | #[tokio::test]
[INFO] [stdout]    |          ^^^^ could not find `test` in `tokio`
[INFO] [stdout] 
[INFO] [stdout] 
[INFO] [stdout] error[E0433]: failed to resolve: could not find `main` in `tokio`
[INFO] [stdout]   --> examples/lister.rs:51:10
[INFO] [stdout]    |
[INFO] [stdout] 51 | #[tokio::main]
[INFO] [stdout]    |          ^^^^ could not find `main` in `tokio`
[INFO] [stdout] 
[INFO] [stdout] 
[INFO] [stdout] error[E0752]: `main` function is not allowed to be `async`
[INFO] [stdout]   --> examples/basic_extract.rs:12:1
[INFO] [stdout]    |
[INFO] [stdout] 12 | async fn main() {
[INFO] [stdout]    | ^^^^^^^^^^^^^^^ `main` function is not allowed to be `async`
[INFO] [stdout] 
[INFO] [stdout] 
[INFO] [stdout] error: aborting due to 2 previous errors
[INFO] [stdout] 
[INFO] [stdout] 
[INFO] [stdout] Some errors have detailed explanations: E0433, E0752.
[INFO] [stdout] 
[INFO] [stdout] For more information about an error, try `rustc --explain E0433`.
[INFO] [stdout] 
[INFO] [stderr] error: could not compile `unrar-async` (example "basic_extract") due to 3 previous errors
[INFO] [stdout] error: aborting due to previous error
[INFO] [stdout] 
[INFO] [stdout] 
[INFO] [stderr] error: could not compile `unrar-async` (test "multipart") due to 2 previous errors
[INFO] [stdout] For more information about this error, try `rustc --explain E0433`.
[INFO] [stdout] 
[INFO] [stdout] error: aborting due to 2 previous errors
[INFO] [stdout] 
[INFO] [stdout] 
[INFO] [stdout] For more information about this error, try `rustc --explain E0433`.
[INFO] [stdout] 
[INFO] [stderr] error: could not compile `unrar-async` (test "simple") due to 3 previous errors
[INFO] [stdout] error[E0433]: failed to resolve: could not find `test` in `tokio`
[INFO] [stdout]   --> tests/crypted.rs:18:10
[INFO] [stdout]    |
[INFO] [stdout] 18 | #[tokio::test]
[INFO] [stdout]    |          ^^^^ could not find `test` in `tokio`
[INFO] [stdout] 
[INFO] [stdout] 
[INFO] [stdout] error[E0433]: failed to resolve: could not find `test` in `tokio`
[INFO] [stdout]   --> tests/crypted.rs:34:10
[INFO] [stdout]    |
[INFO] [stdout] 34 | #[tokio::test]
[INFO] [stdout]    |          ^^^^ could not find `test` in `tokio`
[INFO] [stdout] 
[INFO] [stdout] 
[INFO] [stdout] error[E0433]: failed to resolve: could not find `test` in `tokio`
[INFO] [stdout]   --> tests/crypted.rs:60:10
[INFO] [stdout]    |
[INFO] [stdout] 60 | #[tokio::test]
[INFO] [stdout]    |          ^^^^ could not find `test` in `tokio`
[INFO] [stdout] 
[INFO] [stdout] 
[INFO] [stdout] error[E0433]: failed to resolve: could not find `main` in `tokio`
[INFO] [stdout]   --> examples/extractor.rs:55:10
[INFO] [stdout]    |
[INFO] [stdout] 55 | #[tokio::main]
[INFO] [stdout]    |          ^^^^ could not find `main` in `tokio`
[INFO] [stdout] 
[INFO] [stdout] 
[INFO] [stdout] error: aborting due to 3 previous errors
[INFO] [stdout] 
[INFO] [stdout] 
[INFO] [stdout] For more information about this error, try `rustc --explain E0433`.
[INFO] [stdout] 
[INFO] [stdout] error[E0752]: `main` function is not allowed to be `async`
[INFO] [stdout]   --> examples/lister.rs:52:1
[INFO] [stdout]    |
[INFO] [stdout] 52 | async fn main() {
[INFO] [stdout]    | ^^^^^^^^^^^^^^^ `main` function is not allowed to be `async`
[INFO] [stdout] 
[INFO] [stdout] 
[INFO] [stderr] error: could not compile `unrar-async` (test "crypted") due to 4 previous errors
[INFO] [stdout] error: aborting due to 2 previous errors
[INFO] [stdout] 
[INFO] [stdout] 
[INFO] [stdout] Some errors have detailed explanations: E0433, E0752.
[INFO] [stdout] 
[INFO] [stdout] For more information about an error, try `rustc --explain E0433`.
[INFO] [stdout] 
[INFO] [stderr] error: could not compile `unrar-async` (example "lister") due to 3 previous errors
[INFO] [stdout] error[E0752]: `main` function is not allowed to be `async`
[INFO] [stdout]   --> examples/extractor.rs:56:1
[INFO] [stdout]    |
[INFO] [stdout] 56 | async fn main() {
[INFO] [stdout]    | ^^^^^^^^^^^^^^^ `main` function is not allowed to be `async`
[INFO] [stdout] 
[INFO] [stdout] 
[INFO] [stdout] error: aborting due to 2 previous errors
[INFO] [stdout] 
[INFO] [stdout] 
[INFO] [stdout] Some errors have detailed explanations: E0433, E0752.
[INFO] [stdout] 
[INFO] [stdout] For more information about an error, try `rustc --explain E0433`.
[INFO] [stdout] 
[INFO] [stderr] error: could not compile `unrar-async` (example "extractor") due to 3 previous errors
[INFO] running `Command { std: "docker" "inspect" "b86560a9d91a4dddce55270d84c3e4c249efda8109a63ffd956675777cc64ead", kill_on_drop: false }`
[INFO] running `Command { std: "docker" "rm" "-f" "b86560a9d91a4dddce55270d84c3e4c249efda8109a63ffd956675777cc64ead", kill_on_drop: false }`
[INFO] [stdout] b86560a9d91a4dddce55270d84c3e4c249efda8109a63ffd956675777cc64ead
